{"id":1755,"date":"2022-05-15T13:07:00","date_gmt":"2022-05-15T13:07:00","guid":{"rendered":"https:\/\/josenascimento.com\/lobos\/?page_id=1755"},"modified":"2022-05-16T09:52:53","modified_gmt":"2022-05-16T09:52:53","slug":"sobol","status":"publish","type":"page","link":"https:\/\/josenascimento.com\/lobos\/","title":{"rendered":""},"content":{"rendered":"\n<figure class=\"wp-block-image\"><img loading=\"lazy\" decoding=\"async\" width=\"715\" height=\"318\" src=\"http:\/\/josenascimento.com\/lobos\/wp-content\/uploads\/sites\/4\/2013\/03\/carro.png\" alt=\"carro\" class=\"wp-image-5\" srcset=\"https:\/\/josenascimento.com\/lobos\/wp-content\/uploads\/sites\/4\/2013\/03\/carro.png 715w, https:\/\/josenascimento.com\/lobos\/wp-content\/uploads\/sites\/4\/2013\/03\/carro-300x133.png 300w, https:\/\/josenascimento.com\/lobos\/wp-content\/uploads\/sites\/4\/2013\/03\/carro-624x277.png 624w\" sizes=\"auto, (max-width: 715px) 100vw, 715px\" \/><\/figure>\n\n\n\n<p><br><strong>Ouvem-se tiros\u2026 Joaquim (Nuno Melo) abandona precipitadamente a casa do irm\u00e3o. A sobrinha Vanessa (Catarina Wallenstein) corre atr\u00e1s dele e suplica que a deixe ir com ele. Houve um crime. Em fuga constante, os dias e as noites sucedem-se. Dormem ao relento, em casas abandonadas e amam-se. Mas\u2026<\/strong><\/p>\n\n\n\n<div style=\"height:19px\" aria-hidden=\"true\" class=\"wp-block-spacer\"><\/div>\n\n\n\n<p><strong>ACTORES<\/strong><br>Nuno Melo [Joaquim]<br>Catarina Wallenstein [Vanessa]<br>Adriano Luz<br>Francisco Nascimento<br>Victor Norte<br>Maria Jo\u00e3o Lu\u00eds<br>Carlos Santos<br>Pedro Hestnes<br>Sara Vaz<\/p>\n\n\n\n<p><strong>CR\u00c9DITOS<\/strong><br>Argumento ALBERTO SEIXAS SANTOS\/ JOS\u00c9 NASCIMENTO<br>Fotografia M\u00c1RIO CASTANHEIRA<br>Som PEDRO MELO<br>Msturas VASCO PIMENTEL<br>Guarda roupa MARGARIDA MORINS<br>Decora\u00e7\u00e3o NUNO GABRIEL MELO<br>Maquilhagem e cabelos ARACELI FUENTE<br>Montagem JOS\u00c9 NASCIMENTO<br>M\u00fasica NUNO REBELO<br>Assistente de realiza\u00e7\u00e3o JOS\u00c9 MARIA VAZ DA SILVA<br>Direc\u00e7\u00e3o de produ\u00e7\u00e3o FERNANDO CENTEIO<br>Produzido por PAULO BRANCO<br>Com o apoio MC\/ ICAM e RTP \u2013 R\u00e1dio televis\u00e3o Portuguesa<br>Produ\u00e7\u00e3o CLAP FILMES<br>Produtor PAULO BRANCO<br>Realiza\u00e7\u00e3o JOS\u00c9 NASCIMENTO<\/p>\n\n\n\n<p><\/p>\n\n\n\n<p><strong>PR\u00c9MIOS<\/strong><\/p>\n\n\n\n<p>Festival de Cinema do Estoril, Portugal [2007]  <br>Pr\u00e9mio Revela\u00e7\u00e3o [Catarina Wallenstein]<\/p>\n\n\n\n<p><strong>NOMEA\u00c7\u00d5ES<\/strong><\/p>\n\n\n\n<p>Huelva Film Festival, Espanha [2007] <br>Globos de Ouro, Portugal [2007]<\/p>\n\n\n\n<p>Portugal, 2007, cor, 35mm, 1,2:35, DOLBY SRD, 100\u2019<\/p>\n\n\n\n<p>Este projecto move-se em torno do universo de uma liga\u00e7\u00e3o amorosa insustent\u00e1vel. A fragilidade \u00e9 o tom dominante da hist\u00f3ria. Joaquim e Vanessa n\u00e3o s\u00e3o pessoas fora do comum. No entanto, a diferen\u00e7a de idades, o la\u00e7o familiar e as circunst\u00e2ncias em que se envolvem, marcam a diferen\u00e7a, como um caminho sem regresso. O jogo entre a superficialidade de Vanessa e a possibilidade para Joaquim de uma rela\u00e7\u00e3o que se perde num futuro sem horizonte e a sua pr\u00f3pria solid\u00e3o, v\u00e3o desestruturando-o. \u00c9 esta consci\u00eancia que acaba por mat\u00e1-lo. Este fundo realista encaminha progressivamente as personagens para um mundo menos seguro, para um espa\u00e7o dominado pelas sombras, pelo pesadelo e pela perda da identidade. Um desacordo primordial, uma contradi\u00e7\u00e3o violenta, existencial, entre o homem e a natureza.<\/p>\n\n\n<p>[ngg src=&#8221;galleries&#8221; ids=&#8221;4&#8243; exclusions=&#8221;78,79,120,102,135,107,115,116,126,129,40,100,103,108,112&#8243; display=&#8221;basic_slideshow&#8221;]<\/p>\n\n\n<figure class=\"wp-block-audio\"><audio controls src=\"http:\/\/josenascimento.com\/lobos\/wp-content\/uploads\/sites\/4\/2013\/10\/GENERICO-FINAL-lobos.mp3\"><\/audio><figcaption>M\u00daSICA NUNO REBELO<\/figcaption><\/figure>\n\n\n\n<div style=\"height:20px\" aria-hidden=\"true\" class=\"wp-block-spacer\"><\/div>\n\n\n\n<h2 class=\"wp-block-heading\"><strong>&#8220;LOBOS&#8221;- FILME<\/strong><\/h2>\n\n\n\n<figure class=\"wp-block-embed is-type-video is-provider-vimeo wp-block-embed-vimeo\"><div class=\"wp-block-embed__wrapper\">\n<iframe loading=\"lazy\" src=\"https:\/\/player.vimeo.com\/video\/72283982?h=3793441403&amp;dnt=1&amp;app_id=122963\" width=\"720\" height=\"324\" frameborder=\"0\" allow=\"autoplay; fullscreen; picture-in-picture\" allowfullscreen><\/iframe>\n<\/div><\/figure>\n\n\n\n<h2 class=\"wp-block-heading\"><strong>&#8220;LOBOS&#8221;- MAKING OF<\/strong><\/h2>\n\n\n\n<figure class=\"wp-block-embed is-type-video is-provider-vimeo wp-block-embed-vimeo wp-embed-aspect-4-3 wp-has-aspect-ratio\"><div class=\"wp-block-embed__wrapper\">\n<iframe loading=\"lazy\" title=\"&amp;quot;Morte anunciada, um filme sobre um filme&amp;quot;.\" src=\"https:\/\/player.vimeo.com\/video\/110600776?h=d3d8e10243&amp;dnt=1&amp;app_id=122963\" width=\"768\" height=\"576\" frameborder=\"0\" allow=\"autoplay; fullscreen; picture-in-picture\" allowfullscreen><\/iframe>\n<\/div><\/figure>\n\n\n\n<div style=\"height:37px\" aria-hidden=\"true\" class=\"wp-block-spacer\"><\/div>\n\n\n\n<h3 style=\"\"><a href=\"http:\/\/josenascimento.com\/lobos\/wp-content\/uploads\/sites\/4\/2022\/05\/lobos.pdf\"> DOSSIER DE IMPRENSA &#8211; Alfama Films<\/a><\/h3>\n","protected":false},"excerpt":{"rendered":"<p>Ouvem-se tiros\u2026 Joaquim (Nuno Melo) abandona precipitadamente a casa do irm\u00e3o. A sobrinha Vanessa (Catarina Wallenstein) corre atr\u00e1s dele e suplica que a deixe ir com ele. Houve um crime. [&hellip;]<\/p>\n","protected":false},"author":1,"featured_media":0,"parent":0,"menu_order":0,"comment_status":"closed","ping_status":"closed","template":"","meta":{"footnotes":""},"class_list":["post-1755","page","type-page","status-publish","hentry"],"_links":{"self":[{"href":"https:\/\/josenascimento.com\/lobos\/wp-json\/wp\/v2\/pages\/1755","targetHints":{"allow":["GET"]}}],"collection":[{"href":"https:\/\/josenascimento.com\/lobos\/wp-json\/wp\/v2\/pages"}],"about":[{"href":"https:\/\/josenascimento.com\/lobos\/wp-json\/wp\/v2\/types\/page"}],"author":[{"embeddable":true,"href":"https:\/\/josenascimento.com\/lobos\/wp-json\/wp\/v2\/users\/1"}],"replies":[{"embeddable":true,"href":"https:\/\/josenascimento.com\/lobos\/wp-json\/wp\/v2\/comments?post=1755"}],"version-history":[{"count":54,"href":"https:\/\/josenascimento.com\/lobos\/wp-json\/wp\/v2\/pages\/1755\/revisions"}],"predecessor-version":[{"id":1865,"href":"https:\/\/josenascimento.com\/lobos\/wp-json\/wp\/v2\/pages\/1755\/revisions\/1865"}],"wp:attachment":[{"href":"https:\/\/josenascimento.com\/lobos\/wp-json\/wp\/v2\/media?parent=1755"}],"curies":[{"name":"wp","href":"https:\/\/api.w.org\/{rel}","templated":true}]}}

<figure class="wp-block-image"><img loading="lazy" decoding="async" width="715" height="318" src="http://josenascimento.com/lobos/wp-content/uploads/sites/4/2013/03/carro.png" alt="carro" class="wp-image-5" srcset="https://josenascimento.com/lobos/wp-content/uploads/sites/4/2013/03/carro.png 715w, https://josenascimento.com/lobos/wp-content/uploads/sites/4/2013/03/carro-300x133.png 300w, https://josenascimento.com/lobos/wp-content/uploads/sites/4/2013/03/carro-624x277.png 624w" sizes="auto, (max-width: 715px) 100vw, 715px" /></figure>



<p><br><strong>Ouvem-se tiros… Joaquim (Nuno Melo) abandona precipitadamente a casa do irmão. A sobrinha Vanessa (Catarina Wallenstein) corre atrás dele e suplica que a deixe ir com ele. Houve um crime. Em fuga constante, os dias e as noites sucedem-se. Dormem ao relento, em casas abandonadas e amam-se. Mas…</strong></p>



<div style="height:19px" aria-hidden="true" class="wp-block-spacer"></div>



<p><strong>ACTORES</strong><br>Nuno Melo [Joaquim]<br>Catarina Wallenstein [Vanessa]<br>Adriano Luz<br>Francisco Nascimento<br>Victor Norte<br>Maria João Luís<br>Carlos Santos<br>Pedro Hestnes<br>Sara Vaz</p>



<p><strong>CRÉDITOS</strong><br>Argumento ALBERTO SEIXAS SANTOS/ JOSÉ NASCIMENTO<br>Fotografia MÁRIO CASTANHEIRA<br>Som PEDRO MELO<br>Msturas VASCO PIMENTEL<br>Guarda roupa MARGARIDA MORINS<br>Decoração NUNO GABRIEL MELO<br>Maquilhagem e cabelos ARACELI FUENTE<br>Montagem JOSÉ NASCIMENTO<br>Música NUNO REBELO<br>Assistente de realização JOSÉ MARIA VAZ DA SILVA<br>Direcção de produção FERNANDO CENTEIO<br>Produzido por PAULO BRANCO<br>Com o apoio MC/ ICAM e RTP – Rádio televisão Portuguesa<br>Produção CLAP FILMES<br>Produtor PAULO BRANCO<br>Realização JOSÉ NASCIMENTO</p>



<p></p>



<p><strong>PRÉMIOS</strong></p>



<p>Festival de Cinema do Estoril, Portugal [2007]  <br>Prémio Revelação [Catarina Wallenstein]</p>



<p><strong>NOMEAÇÕES</strong></p>



<p>Huelva Film Festival, Espanha [2007] <br>Globos de Ouro, Portugal [2007]</p>



<p>Portugal, 2007, cor, 35mm, 1,2:35, DOLBY SRD, 100’</p>



<p>Este projecto move-se em torno do universo de uma ligação amorosa insustentável. A fragilidade é o tom dominante da história. Joaquim e Vanessa não são pessoas fora do comum. No entanto, a diferença de idades, o laço familiar e as circunstâncias em que se envolvem, marcam a diferença, como um caminho sem regresso. O jogo entre a superficialidade de Vanessa e a possibilidade para Joaquim de uma relação que se perde num futuro sem horizonte e a sua própria solidão, vão desestruturando-o. É esta consciência que acaba por matá-lo. Este fundo realista encaminha progressivamente as personagens para um mundo menos seguro, para um espaço dominado pelas sombras, pelo pesadelo e pela perda da identidade. Um desacordo primordial, uma contradição violenta, existencial, entre o homem e a natureza.</p>


<p>[ngg src=&#8221;galleries&#8221; ids=&#8221;4&#8243; exclusions=&#8221;78,79,120,102,135,107,115,116,126,129,40,100,103,108,112&#8243; display=&#8221;basic_slideshow&#8221;]</p>


<figure class="wp-block-audio"><audio controls src="http://josenascimento.com/lobos/wp-content/uploads/sites/4/2013/10/GENERICO-FINAL-lobos.mp3"></audio><figcaption>MÚSICA NUNO REBELO</figcaption></figure>



<div style="height:20px" aria-hidden="true" class="wp-block-spacer"></div>



<h2 class="wp-block-heading"><strong>&#8220;LOBOS&#8221;- FILME</strong></h2>



<figure class="wp-block-embed is-type-video is-provider-vimeo wp-block-embed-vimeo"><div class="wp-block-embed__wrapper">
<iframe loading="lazy" src="https://player.vimeo.com/video/72283982?h=3793441403&amp;dnt=1&amp;app_id=122963" width="720" height="324" frameborder="0" allow="autoplay; fullscreen; picture-in-picture" allowfullscreen></iframe>
</div></figure>



<h2 class="wp-block-heading"><strong>&#8220;LOBOS&#8221;- MAKING OF</strong></h2>



<figure class="wp-block-embed is-type-video is-provider-vimeo wp-block-embed-vimeo wp-embed-aspect-4-3 wp-has-aspect-ratio"><div class="wp-block-embed__wrapper">
<iframe loading="lazy" title="&amp;quot;Morte anunciada, um filme sobre um filme&amp;quot;." src="https://player.vimeo.com/video/110600776?h=d3d8e10243&amp;dnt=1&amp;app_id=122963" width="768" height="576" frameborder="0" allow="autoplay; fullscreen; picture-in-picture" allowfullscreen></iframe>
</div></figure>



<div style="height:37px" aria-hidden="true" class="wp-block-spacer"></div>



<h3 style=""><a href="http://josenascimento.com/lobos/wp-content/uploads/sites/4/2022/05/lobos.pdf"> DOSSIER DE IMPRENSA &#8211; Alfama Films</a></h3>

<p>Ouvem-se tiros… Joaquim (Nuno Melo) abandona precipitadamente a casa do irmão. A sobrinha Vanessa (Catarina Wallenstein) corre atrás dele e suplica que a deixe ir com ele. Houve um crime. [&hellip;]</p>
