{"id":591,"date":"2014-02-07T23:02:17","date_gmt":"2014-02-07T23:02:17","guid":{"rendered":"http:\/\/josenascimento.com\/t2\/?page_id=591"},"modified":"2024-09-28T05:15:37","modified_gmt":"2024-09-28T05:15:37","slug":"t24a","status":"publish","type":"page","link":"https:\/\/josenascimento.com\/t2\/","title":{"rendered":""},"content":{"rendered":"<p><img loading=\"lazy\" decoding=\"async\" class=\"alignleft size-full wp-image-405\" src=\"http:\/\/josenascimento.com\/t2\/wp-content\/uploads\/sites\/5\/2013\/10\/sarabckgrnd.jpg\" alt=\"sarabckgrnd\" width=\"850\" height=\"445\" \/><\/p>\n\n\n<p>Produzido pela <strong>Dupla Cena<\/strong> para o <strong>Festival Temps d\u2019Image<\/strong> 2004 com  <strong>Sara Vaz<\/strong> e <strong>Jo\u00e3o Galante<\/strong>, Nuno Melo e Ana Borralho. T2 foi fotografado e montado por Jos\u00e9 Nascimento. M\u00fasica original de Flack com m\u00fasica adicional de A. Moreira e Micro Audio Waves. Piano Lu\u00edsa Gon\u00e7alves. Misturas e banda sonora Est\u00fadio do Olival. Produ\u00e7\u00e3o Ant\u00f3nio C\u00e2mara Manuel. Financiado pelo ICAM, Instituto das Artes e Temps d&#8217;Image com o apoio da ARTE. Uma coprodu\u00e7\u00e3o DuplaCena \/ CCB &nbsp;&nbsp;&nbsp;&nbsp;&nbsp;&nbsp;&nbsp;&nbsp;&nbsp;<strong>\u00a9 DUPLA CENA 2004<\/strong><\/p>\n\n\n\n<figure class=\"wp-block-gallery has-nested-images columns-4 is-cropped wp-block-gallery-2 is-layout-flex wp-block-gallery-is-layout-flex\">\n<figure class=\"wp-block-image size-full\"><img loading=\"lazy\" decoding=\"async\" width=\"495\" height=\"282\" data-id=\"5\" src=\"https:\/\/josenascimento.com\/t2\/wp-content\/uploads\/sites\/5\/2013\/03\/File5643-e1364257549182.png\" alt=\"\" class=\"wp-image-5\" srcset=\"https:\/\/josenascimento.com\/t2\/wp-content\/uploads\/sites\/5\/2013\/03\/File5643-e1364257549182.png 495w, https:\/\/josenascimento.com\/t2\/wp-content\/uploads\/sites\/5\/2013\/03\/File5643-e1364257549182-300x170.png 300w\" sizes=\"auto, (max-width: 495px) 100vw, 495px\" \/><\/figure>\n\n\n\n<figure class=\"wp-block-image size-full wp-duotone-000000-ffffff-1\"><img loading=\"lazy\" decoding=\"async\" width=\"702\" height=\"416\" data-id=\"442\" src=\"https:\/\/josenascimento.com\/t2\/wp-content\/uploads\/sites\/5\/2013\/10\/T2-MONTAGEM-00045508.jpg\" alt=\"\" class=\"wp-image-442\" srcset=\"https:\/\/josenascimento.com\/t2\/wp-content\/uploads\/sites\/5\/2013\/10\/T2-MONTAGEM-00045508.jpg 702w, https:\/\/josenascimento.com\/t2\/wp-content\/uploads\/sites\/5\/2013\/10\/T2-MONTAGEM-00045508-300x177.jpg 300w\" sizes=\"auto, (max-width: 702px) 100vw, 702px\" \/><\/figure>\n\n\n\n<figure class=\"wp-block-image size-full\"><img loading=\"lazy\" decoding=\"async\" width=\"701\" height=\"414\" data-id=\"448\" src=\"https:\/\/josenascimento.com\/t2\/wp-content\/uploads\/sites\/5\/2013\/10\/T2-MONTAGEM-00241417.jpg\" alt=\"\" class=\"wp-image-448\" srcset=\"https:\/\/josenascimento.com\/t2\/wp-content\/uploads\/sites\/5\/2013\/10\/T2-MONTAGEM-00241417.jpg 701w, https:\/\/josenascimento.com\/t2\/wp-content\/uploads\/sites\/5\/2013\/10\/T2-MONTAGEM-00241417-300x177.jpg 300w\" sizes=\"auto, (max-width: 701px) 100vw, 701px\" \/><\/figure>\n\n\n\n<figure class=\"wp-block-image size-full\"><img loading=\"lazy\" decoding=\"async\" width=\"706\" height=\"416\" data-id=\"449\" src=\"https:\/\/josenascimento.com\/t2\/wp-content\/uploads\/sites\/5\/2013\/10\/T2-MONTAGEM-00295812.jpg\" alt=\"\" class=\"wp-image-449\" srcset=\"https:\/\/josenascimento.com\/t2\/wp-content\/uploads\/sites\/5\/2013\/10\/T2-MONTAGEM-00295812.jpg 706w, https:\/\/josenascimento.com\/t2\/wp-content\/uploads\/sites\/5\/2013\/10\/T2-MONTAGEM-00295812-300x176.jpg 300w\" sizes=\"auto, (max-width: 706px) 100vw, 706px\" \/><\/figure>\n\n\n\n<figure class=\"wp-block-image size-full\"><img loading=\"lazy\" decoding=\"async\" width=\"705\" height=\"424\" data-id=\"452\" src=\"https:\/\/josenascimento.com\/t2\/wp-content\/uploads\/sites\/5\/2013\/10\/T2-MONTAGEM-00341404.jpg\" alt=\"\" class=\"wp-image-452\" srcset=\"https:\/\/josenascimento.com\/t2\/wp-content\/uploads\/sites\/5\/2013\/10\/T2-MONTAGEM-00341404.jpg 705w, https:\/\/josenascimento.com\/t2\/wp-content\/uploads\/sites\/5\/2013\/10\/T2-MONTAGEM-00341404-300x180.jpg 300w\" sizes=\"auto, (max-width: 705px) 100vw, 705px\" \/><\/figure>\n\n\n\n<figure class=\"wp-block-image size-full\"><img loading=\"lazy\" decoding=\"async\" width=\"705\" height=\"418\" data-id=\"450\" src=\"https:\/\/josenascimento.com\/t2\/wp-content\/uploads\/sites\/5\/2013\/10\/T2-MONTAGEM-00352224-copy.jpg\" alt=\"\" class=\"wp-image-450\" srcset=\"https:\/\/josenascimento.com\/t2\/wp-content\/uploads\/sites\/5\/2013\/10\/T2-MONTAGEM-00352224-copy.jpg 705w, https:\/\/josenascimento.com\/t2\/wp-content\/uploads\/sites\/5\/2013\/10\/T2-MONTAGEM-00352224-copy-300x177.jpg 300w\" sizes=\"auto, (max-width: 705px) 100vw, 705px\" \/><\/figure>\n\n\n\n<figure class=\"wp-block-image size-full\"><img loading=\"lazy\" decoding=\"async\" width=\"500\" height=\"295\" data-id=\"11\" src=\"https:\/\/josenascimento.com\/t2\/wp-content\/uploads\/sites\/5\/2013\/03\/File5658.png\" alt=\"\" class=\"wp-image-11\" srcset=\"https:\/\/josenascimento.com\/t2\/wp-content\/uploads\/sites\/5\/2013\/03\/File5658.png 500w, https:\/\/josenascimento.com\/t2\/wp-content\/uploads\/sites\/5\/2013\/03\/File5658-300x177.png 300w\" sizes=\"auto, (max-width: 500px) 100vw, 500px\" \/><\/figure>\n\n\n\n<figure class=\"wp-block-image size-full\"><img loading=\"lazy\" decoding=\"async\" width=\"500\" height=\"296\" data-id=\"12\" src=\"https:\/\/josenascimento.com\/t2\/wp-content\/uploads\/sites\/5\/2013\/03\/File5660.png\" alt=\"\" class=\"wp-image-12\" srcset=\"https:\/\/josenascimento.com\/t2\/wp-content\/uploads\/sites\/5\/2013\/03\/File5660.png 500w, https:\/\/josenascimento.com\/t2\/wp-content\/uploads\/sites\/5\/2013\/03\/File5660-300x177.png 300w\" sizes=\"auto, (max-width: 500px) 100vw, 500px\" \/><\/figure>\n<\/figure>\n\n\n\n<figure class=\"wp-block-embed is-type-video is-provider-vimeo wp-block-embed-vimeo wp-embed-aspect-16-9 wp-has-aspect-ratio\"><div class=\"wp-block-embed__wrapper\">\n<iframe loading=\"lazy\" src=\"https:\/\/player.vimeo.com\/video\/1013706631?dnt=1&amp;app_id=122963\" width=\"970\" height=\"546\" frameborder=\"0\" allow=\"autoplay; fullscreen; picture-in-picture; clipboard-write\"><\/iframe>\n<\/div><\/figure>\n\n\n<div style=\"padding: 100% 0 0 0; position: relative;\">\u00a0<\/div>\n<p><script src=\"https:\/\/player.vimeo.com\/api\/player.js\"><\/script><\/p>\n\n\n\n\n<p>&nbsp;<\/p>\n","protected":false},"excerpt":{"rendered":"<p>Produzido pela Dupla Cena para o Festival Temps d\u2019Image 2004 com Sara Vaz e Jo\u00e3o Galante, Nuno Melo e Ana Borralho. T2 foi fotografado e montado por Jos\u00e9 Nascimento. M\u00fasica [&hellip;]<\/p>\n","protected":false},"author":1,"featured_media":0,"parent":0,"menu_order":0,"comment_status":"closed","ping_status":"closed","template":"","meta":{"footnotes":""},"class_list":["post-591","page","type-page","status-publish","hentry"],"_links":{"self":[{"href":"https:\/\/josenascimento.com\/t2\/wp-json\/wp\/v2\/pages\/591","targetHints":{"allow":["GET"]}}],"collection":[{"href":"https:\/\/josenascimento.com\/t2\/wp-json\/wp\/v2\/pages"}],"about":[{"href":"https:\/\/josenascimento.com\/t2\/wp-json\/wp\/v2\/types\/page"}],"author":[{"embeddable":true,"href":"https:\/\/josenascimento.com\/t2\/wp-json\/wp\/v2\/users\/1"}],"replies":[{"embeddable":true,"href":"https:\/\/josenascimento.com\/t2\/wp-json\/wp\/v2\/comments?post=591"}],"version-history":[{"count":25,"href":"https:\/\/josenascimento.com\/t2\/wp-json\/wp\/v2\/pages\/591\/revisions"}],"predecessor-version":[{"id":678,"href":"https:\/\/josenascimento.com\/t2\/wp-json\/wp\/v2\/pages\/591\/revisions\/678"}],"wp:attachment":[{"href":"https:\/\/josenascimento.com\/t2\/wp-json\/wp\/v2\/media?parent=591"}],"curies":[{"name":"wp","href":"https:\/\/api.w.org\/{rel}","templated":true}]}}